{"id":1200,"date":"2021-04-02T15:14:03","date_gmt":"2021-04-02T15:14:03","guid":{"rendered":"http:\/\/miriamsmidt.com\/?page_id=1200"},"modified":"2026-01-18T16:48:58","modified_gmt":"2026-01-18T16:48:58","slug":"press","status":"publish","type":"page","link":"https:\/\/miriamsmidt.com\/?page_id=1200","title":{"rendered":"ABOUT"},"content":{"rendered":"\n<p>Miriam Smidt ist als multidisziplin\u00e4re K\u00fcnstlerin in den Bereichen Malerei, Objekt, Rauminstallation und neue Medien t\u00e4tig. Ihre experimentellen Ans\u00e4tze nutzen teilweise selbst entwickelte physische Werkstoffe aber auch digitale Technologien wie Augmented Reality und K\u00fcnstliche Intelligenz.<\/p>\n\n\n\n<figure class=\"wp-block-image\"><img loading=\"lazy\" width=\"700\" height=\"467\" src=\"https:\/\/miriamsmidt.com\/wp-content\/uploads\/2024\/11\/Miriam-Smidt-7-V2-700x467.jpg\" alt=\"\" class=\"wp-image-1910\" srcset=\"https:\/\/miriamsmidt.com\/wp-content\/uploads\/2024\/11\/Miriam-Smidt-7-V2-700x467.jpg 700w, https:\/\/miriamsmidt.com\/wp-content\/uploads\/2024\/11\/Miriam-Smidt-7-V2-300x200.jpg 300w, https:\/\/miriamsmidt.com\/wp-content\/uploads\/2024\/11\/Miriam-Smidt-7-V2-768x512.jpg 768w, https:\/\/miriamsmidt.com\/wp-content\/uploads\/2024\/11\/Miriam-Smidt-7-V2-1536x1024.jpg 1536w, https:\/\/miriamsmidt.com\/wp-content\/uploads\/2024\/11\/Miriam-Smidt-7-V2-2048x1365.jpg 2048w\" sizes=\"(max-width: 700px) 100vw, 700px\" \/><figcaption>Foto: Michael Schilder<\/figcaption><\/figure>\n\n\n\n<p>Smidts Werk reflektiert grundlegende Fragen zu Leben und Tod, Verg\u00e4nglichkeit und Ver\u00e4nderung, sowie ihrer Verschr\u00e4nkungen mit dem medizinischen Feld. Im Mittelpunkt ihrer seriell angelegten k\u00fcnstlerischen Explorationen stehen K\u00f6rper und Geist im Kontext dieser Themenfelder.<\/p>\n\n\n\n<p>In der Auseinandersetzung mit der menschlichen Verfasstheit im Kontext von medizinischen Diagnosen, Prognosen, Prozeduren sch\u00f6pft Smidt aus pers\u00f6nlichen biografische Erfahrungen, was tiefe Einblicke und \u2013 mit dem wiederkehrenden Verweis auf die Intensit\u00e4t, Einzigartigkeit und Sch\u00f6nheit des Augenblicks angesichts der Unausweichlichkeit des Verfalls \u2013 zugleich eine authentische Leichtigkeit erlaubt.<\/p>\n\n\n\n<p><\/p>\n\n\n\n<p>Der explorative Umgang mit dem Material ist in Smidts k\u00fcnstlerischer Praxis zentral: sie verwendet und kombiniert ungew\u00f6hnliche Medien, entwickelt gar ein eigenes biologisch-abbaubares Material, aus dem sie Plastiken und Installationen schafft. Sie n\u00e4hert sich der Materie forschend, fragend, manipulierend: bringt durch, Zerst\u00f6ren, Schmelzen, Zerlegen und Neu-Kombinieren neue Formen, Strukturen und Facetten hervor, die in der Abstraktion auf ein \u201edahinter\u201c verweisen. Diese Alchemie der Werkstoffe ist im Erschaffen, Manipulieren und Bewahren von K\u00f6rpern zugleich eine Auseinandersetzung mit medizinischen Prozessen, was die k\u00fcnstlerische Praxis zum erkenntnistheoretischen Akt werden l\u00e4sst.<\/p>\n\n\n\n<p>Smidt greift als K\u00fcnstlerin und Wisschenschaftlerin auf soziologische Betrachtunsweisen zur\u00fcck und verbindet \u00e4sthetische mit analytischen Zug\u00e4ngen. Sie schafft auf diese Weise Werke, die K\u00f6rper, Identit\u00e4t und Zugeh\u00f6rigkeit, sowie die fl\u00fcchtige Natur des menschlichen Seins und den Drang sich gegen diese aufzulehnen, hinterfragen und kontextualisieren.<\/p>\n\n\n\n<p><\/p>\n\n\n\n<p class=\"has-white-color has-text-color\">m<\/p>\n\n\n\n<p class=\"has-white-color has-text-color\">m<\/p>\n\n\n\n<p><strong>PRESSE:<\/strong><\/p>\n\n\n\n<figure class=\"wp-block-embed is-type-wp-embed is-provider-art-style-art-amp-culture-international-magazine wp-block-embed-art-style-art-amp-culture-international-magazine\"><div class=\"wp-block-embed__wrapper\">\n<blockquote class=\"wp-embedded-content\" data-secret=\"ozScp7uMC4\"><a href=\"https:\/\/artstyle-editions.org\/2026\/01\/08\/level-sht-digital-works-in-an-analog-world-curated-by-kim-dotty-hachmann-and-miriam-smidt-insel-galerie-in-berlin\/\">Next Level Sh*t: Digital Works in a (Still) Analog World, curated by Kim Kim Dotty Hachmann and Miriam Smidt, INSELGALERIE in&nbsp;Berlin<\/a><\/blockquote><iframe class=\"wp-embedded-content\" sandbox=\"allow-scripts\" security=\"restricted\" style=\"position: absolute; clip: rect(1px, 1px, 1px, 1px);\" title=\"&#8220;Next Level Sh*t: Digital Works in a (Still) Analog World, curated by Kim Kim Dotty Hachmann and Miriam Smidt, INSELGALERIE in&nbsp;Berlin&#8221; &#8212; Art Style  |   Art &amp; Culture International Magazine\" src=\"https:\/\/artstyle-editions.org\/2026\/01\/08\/level-sht-digital-works-in-an-analog-world-curated-by-kim-dotty-hachmann-and-miriam-smidt-insel-galerie-in-berlin\/embed\/#?secret=rwD34hMsfk#?secret=ozScp7uMC4\" data-secret=\"ozScp7uMC4\" width=\"525\" height=\"296\" frameborder=\"0\" marginwidth=\"0\" marginheight=\"0\" scrolling=\"no\"><\/iframe>\n<\/div><\/figure>\n\n\n\n<p>Podcast berlindetoi: https:\/\/www.berlindetoi.com\/miriam-smidt\/<\/p>\n\n\n\n<figure class=\"wp-block-embed is-type-wp-embed is-provider-berlindetoi wp-block-embed-berlindetoi\"><div class=\"wp-block-embed__wrapper\">\n<blockquote class=\"wp-embedded-content\" data-secret=\"w2rBAGppWI\"><a href=\"https:\/\/www.berlindetoi.com\/miriam-smidt\/\">#74 Miriam Smidt<\/a><\/blockquote><iframe class=\"wp-embedded-content\" sandbox=\"allow-scripts\" security=\"restricted\" style=\"position: absolute; clip: rect(1px, 1px, 1px, 1px);\" title=\"\u00ab\u00a0#74 Miriam Smidt\u00a0\u00bb &#8212; berlindetoi\" src=\"https:\/\/www.berlindetoi.com\/miriam-smidt\/embed\/#?secret=GUmNK2xZn4#?secret=w2rBAGppWI\" data-secret=\"w2rBAGppWI\" width=\"525\" height=\"296\" frameborder=\"0\" marginwidth=\"0\" marginheight=\"0\" scrolling=\"no\"><\/iframe>\n<\/div><\/figure>\n\n\n\n<p><a href=\"https:\/\/erkl\u00e4rmir.at\/2025\/09\/30\/363-erklaer-mir-das-leben-mit-hirntumor-miriam-smidt\/\">https:\/\/erkl\u00e4rmir.at\/2025\/09\/30\/363-erklaer-mir-das-leben-mit-hirntumor-miriam-smidt\/<\/a><\/p>\n\n\n\n<p>Artrado.de: <a href=\"https:\/\/arttrado.de\/news\/miriam-smidt-ausstellung-elysium-in-der-kapelle-von-georg-heinrichs\/\">https:\/\/arttrado.de\/news\/miriam-smidt-ausstellung-elysium-in-der-kapelle-von-georg-heinrichs\/<\/a><\/p>\n\n\n\n<p>rbb Fernsehen: <a rel=\"noreferrer noopener\" aria-label=\"rbb ZIBB 21.05.2021 (Ausschnitt) (\u00f6ffnet in neuem Tab)\" href=\"http:\/\/miriamsmidt.com\/wp-content\/uploads\/2021\/05\/rbbzibb-teaser-2.mov\" target=\"_blank\">rbb zibb 21.05.2021 (Ausschnitt)<\/a><\/p>\n\n\n\n<p>Berliner Zeitung: <a rel=\"noreferrer noopener\" aria-label=\" (\u00f6ffnet in neuem Tab)\" href=\"https:\/\/www.berliner-zeitung.de\/mensch-metropole\/friedhofsmalerin-li.149855\" target=\"_blank\">https:\/\/www.berliner-zeitung.de\/mensch-metropole\/friedhofsmalerin-li.149855<\/a><\/p>\n\n\n\n<p>Plus3 Magazin (Cover und Experten-Statement -S.5.): <a rel=\"noreferrer noopener\" aria-label=\" (\u00f6ffnet in neuem Tab)\" href=\"https:\/\/viewer.joomag.com\/-3-magazin-mai-2021\/0197391001622036406?short&amp;\" target=\"_blank\">https:\/\/viewer.joomag.com\/-3-magazin-mai-2021\/0197391001622036406?short&amp;<\/a><\/p>\n\n\n\n<figure class=\"wp-block-image is-resized\"><img loading=\"lazy\" src=\"http:\/\/miriamsmidt.com\/wp-content\/uploads\/2021\/05\/Bildschirmfoto-2021-05-28-um-15.06.55.png\" alt=\"\" class=\"wp-image-1324\" width=\"330\" height=\"452\" srcset=\"https:\/\/miriamsmidt.com\/wp-content\/uploads\/2021\/05\/Bildschirmfoto-2021-05-28-um-15.06.55.png 448w, https:\/\/miriamsmidt.com\/wp-content\/uploads\/2021\/05\/Bildschirmfoto-2021-05-28-um-15.06.55-219x300.png 219w\" sizes=\"(max-width: 330px) 100vw, 330px\" \/><\/figure>\n\n\n\n<p><\/p>\n\n\n\n<p><a href=\"https:\/\/www.instagram.com\/tv\/CSrU2XOjxoM\/?utm_medium=copy_link\">rbb Kulturradio: Zu Gast <\/a> 08.07.2020<\/p>\n\n\n\n<p><\/p>\n\n\n\n<p>art-in-berlin: <a href=\"https:\/\/www.art-in-berlin.de\/ausstellungs-text.php?id=12015\">https:\/\/www.art-in-berlin.de\/ausstellungs-text.php?id=12015<\/a><\/p>\n\n\n\n<p><\/p>\n\n\n\n<p>Widewalls Magazin: <a rel=\"noreferrer noopener\" aria-label=\" (\u00f6ffnet in neuem Tab)\" href=\"https:\/\/www.widewalls.ch\/magazine\/love-group-show-zcontemporary\" target=\"_blank\">https:\/\/www.widewalls.ch\/magazine\/love-group-show-zcontemporary<\/a><\/p>\n\n\n\n<figure class=\"wp-block-image is-resized\"><img loading=\"lazy\" src=\"http:\/\/miriamsmidt.com\/wp-content\/uploads\/2021\/05\/Bildschirmfoto-2021-05-29-um-22.29.28-700x402.png\" alt=\"\" class=\"wp-image-1345\" width=\"545\" height=\"312\" srcset=\"https:\/\/miriamsmidt.com\/wp-content\/uploads\/2021\/05\/Bildschirmfoto-2021-05-29-um-22.29.28-700x402.png 700w, https:\/\/miriamsmidt.com\/wp-content\/uploads\/2021\/05\/Bildschirmfoto-2021-05-29-um-22.29.28-300x172.png 300w, https:\/\/miriamsmidt.com\/wp-content\/uploads\/2021\/05\/Bildschirmfoto-2021-05-29-um-22.29.28-768x441.png 768w, https:\/\/miriamsmidt.com\/wp-content\/uploads\/2021\/05\/Bildschirmfoto-2021-05-29-um-22.29.28.png 1198w\" sizes=\"(max-width: 545px) 100vw, 545px\" \/><\/figure>\n\n\n\n<p><\/p>\n\n\n\n<p>Artrado.de: <a href=\"https:\/\/arttrado.de\/news\/interview-miriam-smidt-ueber-kritik-feedback-und-englische-titel\/\">https:\/\/arttrado.de\/news\/interview-miriam-smidt-ueber-kritik-feedback-und-englische-titel\/<\/a><\/p>\n\n\n\n<p>Weddingweiser: <a href=\"https:\/\/weddingweiser.de\/aggregatzustaende-pop-art-ausstellung-in-der-st-johannis-und-heiland-friedhofskapelle\/\">https:\/\/weddingweiser.de\/aggregatzustaende-pop-art-ausstellung-in-der-st-johannis-und-heiland-friedhofskapelle\/<\/a> <\/p>\n\n\n\n<p>Katalogtext  \u00a9Urszula Usakowska-Wolff<a href=\"http:\/\/miriamsmidt.com\/?attachment_id=1474\" target=\"_blank\" rel=\"noreferrer noopener\">http:\/\/miriamsmidt.com\/?attachment_id=1474<\/a><\/p>\n","protected":false},"excerpt":{"rendered":"<p>Miriam Smidt ist als multidisziplin\u00e4re K\u00fcnstlerin in den Bereichen Malerei, Objekt, Rauminstallation und neue Medien t\u00e4tig. Ihre experimentellen Ans\u00e4tze nutzen teilweise selbst entwickelte physische Werkstoffe aber auch digitale Technologien wie Augmented Reality und K\u00fcnstliche Intelligenz. Smidts Werk reflektiert grundlegende Fragen zu Leben und Tod, Verg\u00e4nglichkeit und Ver\u00e4nderung, sowie ihrer Verschr\u00e4nkungen mit dem medizinischen Feld. Im &hellip; <\/p>\n<p class=\"link-more\"><a href=\"https:\/\/miriamsmidt.com\/?page_id=1200\" class=\"more-link\"><span class=\"screen-reader-text\">\u201eABOUT\u201c<\/span> weiterlesen<\/a><\/p>\n","protected":false},"author":1,"featured_media":0,"parent":0,"menu_order":1,"comment_status":"closed","ping_status":"closed","template":"","meta":[],"_links":{"self":[{"href":"https:\/\/miriamsmidt.com\/index.php?rest_route=\/wp\/v2\/pages\/1200"}],"collection":[{"href":"https:\/\/miriamsmidt.com\/index.php?rest_route=\/wp\/v2\/pages"}],"about":[{"href":"https:\/\/miriamsmidt.com\/index.php?rest_route=\/wp\/v2\/types\/page"}],"author":[{"embeddable":true,"href":"https:\/\/miriamsmidt.com\/index.php?rest_route=\/wp\/v2\/users\/1"}],"replies":[{"embeddable":true,"href":"https:\/\/miriamsmidt.com\/index.php?rest_route=%2Fwp%2Fv2%2Fcomments&post=1200"}],"version-history":[{"count":47,"href":"https:\/\/miriamsmidt.com\/index.php?rest_route=\/wp\/v2\/pages\/1200\/revisions"}],"predecessor-version":[{"id":2156,"href":"https:\/\/miriamsmidt.com\/index.php?rest_route=\/wp\/v2\/pages\/1200\/revisions\/2156"}],"wp:attachment":[{"href":"https:\/\/miriamsmidt.com\/index.php?rest_route=%2Fwp%2Fv2%2Fmedia&parent=1200"}],"curies":[{"name":"wp","href":"https:\/\/api.w.org\/{rel}","templated":true}]}}

<p>Miriam Smidt ist als multidisziplinäre Künstlerin in den Bereichen Malerei, Objekt, Rauminstallation und neue Medien tätig. Ihre experimentellen Ansätze nutzen teilweise selbst entwickelte physische Werkstoffe aber auch digitale Technologien wie Augmented Reality und Künstliche Intelligenz.</p>



<figure class="wp-block-image"><img loading="lazy" width="700" height="467" src="https://miriamsmidt.com/wp-content/uploads/2024/11/Miriam-Smidt-7-V2-700x467.jpg" alt="" class="wp-image-1910" srcset="https://miriamsmidt.com/wp-content/uploads/2024/11/Miriam-Smidt-7-V2-700x467.jpg 700w, https://miriamsmidt.com/wp-content/uploads/2024/11/Miriam-Smidt-7-V2-300x200.jpg 300w, https://miriamsmidt.com/wp-content/uploads/2024/11/Miriam-Smidt-7-V2-768x512.jpg 768w, https://miriamsmidt.com/wp-content/uploads/2024/11/Miriam-Smidt-7-V2-1536x1024.jpg 1536w, https://miriamsmidt.com/wp-content/uploads/2024/11/Miriam-Smidt-7-V2-2048x1365.jpg 2048w" sizes="(max-width: 700px) 100vw, 700px" /><figcaption>Foto: Michael Schilder</figcaption></figure>



<p>Smidts Werk reflektiert grundlegende Fragen zu Leben und Tod, Vergänglichkeit und Veränderung, sowie ihrer Verschränkungen mit dem medizinischen Feld. Im Mittelpunkt ihrer seriell angelegten künstlerischen Explorationen stehen Körper und Geist im Kontext dieser Themenfelder.</p>



<p>In der Auseinandersetzung mit der menschlichen Verfasstheit im Kontext von medizinischen Diagnosen, Prognosen, Prozeduren schöpft Smidt aus persönlichen biografische Erfahrungen, was tiefe Einblicke und – mit dem wiederkehrenden Verweis auf die Intensität, Einzigartigkeit und Schönheit des Augenblicks angesichts der Unausweichlichkeit des Verfalls – zugleich eine authentische Leichtigkeit erlaubt.</p>



<p></p>



<p>Der explorative Umgang mit dem Material ist in Smidts künstlerischer Praxis zentral: sie verwendet und kombiniert ungewöhnliche Medien, entwickelt gar ein eigenes biologisch-abbaubares Material, aus dem sie Plastiken und Installationen schafft. Sie nähert sich der Materie forschend, fragend, manipulierend: bringt durch, Zerstören, Schmelzen, Zerlegen und Neu-Kombinieren neue Formen, Strukturen und Facetten hervor, die in der Abstraktion auf ein „dahinter“ verweisen. Diese Alchemie der Werkstoffe ist im Erschaffen, Manipulieren und Bewahren von Körpern zugleich eine Auseinandersetzung mit medizinischen Prozessen, was die künstlerische Praxis zum erkenntnistheoretischen Akt werden lässt.</p>



<p>Smidt greift als Künstlerin und Wisschenschaftlerin auf soziologische Betrachtunsweisen zurück und verbindet ästhetische mit analytischen Zugängen. Sie schafft auf diese Weise Werke, die Körper, Identität und Zugehörigkeit, sowie die flüchtige Natur des menschlichen Seins und den Drang sich gegen diese aufzulehnen, hinterfragen und kontextualisieren.</p>



<p></p>



<p class="has-white-color has-text-color">m</p>



<p class="has-white-color has-text-color">m</p>



<p><strong>PRESSE:</strong></p>



<figure class="wp-block-embed is-type-wp-embed is-provider-art-style-art-amp-culture-international-magazine wp-block-embed-art-style-art-amp-culture-international-magazine"><div class="wp-block-embed__wrapper">
<blockquote class="wp-embedded-content" data-secret="ozScp7uMC4"><a href="https://artstyle-editions.org/2026/01/08/level-sht-digital-works-in-an-analog-world-curated-by-kim-dotty-hachmann-and-miriam-smidt-insel-galerie-in-berlin/">Next Level Sh*t: Digital Works in a (Still) Analog World, curated by Kim Kim Dotty Hachmann and Miriam Smidt, INSELGALERIE in&nbsp;Berlin</a></blockquote><iframe class="wp-embedded-content" sandbox="allow-scripts" security="restricted" style="position: absolute; clip: rect(1px, 1px, 1px, 1px);" title="&#8220;Next Level Sh*t: Digital Works in a (Still) Analog World, curated by Kim Kim Dotty Hachmann and Miriam Smidt, INSELGALERIE in&nbsp;Berlin&#8221; &#8212; Art Style  |   Art &amp; Culture International Magazine" src="https://artstyle-editions.org/2026/01/08/level-sht-digital-works-in-an-analog-world-curated-by-kim-dotty-hachmann-and-miriam-smidt-insel-galerie-in-berlin/embed/#?secret=rwD34hMsfk#?secret=ozScp7uMC4" data-secret="ozScp7uMC4" width="525" height="296" frameborder="0" marginwidth="0" marginheight="0" scrolling="no"></iframe>
</div></figure>



<p>Podcast berlindetoi: https://www.berlindetoi.com/miriam-smidt/</p>



<figure class="wp-block-embed is-type-wp-embed is-provider-berlindetoi wp-block-embed-berlindetoi"><div class="wp-block-embed__wrapper">
<blockquote class="wp-embedded-content" data-secret="w2rBAGppWI"><a href="https://www.berlindetoi.com/miriam-smidt/">#74 Miriam Smidt</a></blockquote><iframe class="wp-embedded-content" sandbox="allow-scripts" security="restricted" style="position: absolute; clip: rect(1px, 1px, 1px, 1px);" title="« #74 Miriam Smidt » &#8212; berlindetoi" src="https://www.berlindetoi.com/miriam-smidt/embed/#?secret=GUmNK2xZn4#?secret=w2rBAGppWI" data-secret="w2rBAGppWI" width="525" height="296" frameborder="0" marginwidth="0" marginheight="0" scrolling="no"></iframe>
</div></figure>



<p><a href="https://erklärmir.at/2025/09/30/363-erklaer-mir-das-leben-mit-hirntumor-miriam-smidt/">https://erklärmir.at/2025/09/30/363-erklaer-mir-das-leben-mit-hirntumor-miriam-smidt/</a></p>



<p>Artrado.de: <a href="https://arttrado.de/news/miriam-smidt-ausstellung-elysium-in-der-kapelle-von-georg-heinrichs/">https://arttrado.de/news/miriam-smidt-ausstellung-elysium-in-der-kapelle-von-georg-heinrichs/</a></p>



<p>rbb Fernsehen: <a rel="noreferrer noopener" aria-label="rbb ZIBB 21.05.2021 (Ausschnitt) (öffnet in neuem Tab)" href="http://miriamsmidt.com/wp-content/uploads/2021/05/rbbzibb-teaser-2.mov" target="_blank">rbb zibb 21.05.2021 (Ausschnitt)</a></p>



<p>Berliner Zeitung: <a rel="noreferrer noopener" aria-label=" (öffnet in neuem Tab)" href="https://www.berliner-zeitung.de/mensch-metropole/friedhofsmalerin-li.149855" target="_blank">https://www.berliner-zeitung.de/mensch-metropole/friedhofsmalerin-li.149855</a></p>



<p>Plus3 Magazin (Cover und Experten-Statement -S.5.): <a rel="noreferrer noopener" aria-label=" (öffnet in neuem Tab)" href="https://viewer.joomag.com/-3-magazin-mai-2021/0197391001622036406?short&amp;" target="_blank">https://viewer.joomag.com/-3-magazin-mai-2021/0197391001622036406?short&amp;</a></p>



<figure class="wp-block-image is-resized"><img loading="lazy" src="http://miriamsmidt.com/wp-content/uploads/2021/05/Bildschirmfoto-2021-05-28-um-15.06.55.png" alt="" class="wp-image-1324" width="330" height="452" srcset="https://miriamsmidt.com/wp-content/uploads/2021/05/Bildschirmfoto-2021-05-28-um-15.06.55.png 448w, https://miriamsmidt.com/wp-content/uploads/2021/05/Bildschirmfoto-2021-05-28-um-15.06.55-219x300.png 219w" sizes="(max-width: 330px) 100vw, 330px" /></figure>



<p></p>



<p><a href="https://www.instagram.com/tv/CSrU2XOjxoM/?utm_medium=copy_link">rbb Kulturradio: Zu Gast </a> 08.07.2020</p>



<p></p>



<p>art-in-berlin: <a href="https://www.art-in-berlin.de/ausstellungs-text.php?id=12015">https://www.art-in-berlin.de/ausstellungs-text.php?id=12015</a></p>



<p></p>



<p>Widewalls Magazin: <a rel="noreferrer noopener" aria-label=" (öffnet in neuem Tab)" href="https://www.widewalls.ch/magazine/love-group-show-zcontemporary" target="_blank">https://www.widewalls.ch/magazine/love-group-show-zcontemporary</a></p>



<figure class="wp-block-image is-resized"><img loading="lazy" src="http://miriamsmidt.com/wp-content/uploads/2021/05/Bildschirmfoto-2021-05-29-um-22.29.28-700x402.png" alt="" class="wp-image-1345" width="545" height="312" srcset="https://miriamsmidt.com/wp-content/uploads/2021/05/Bildschirmfoto-2021-05-29-um-22.29.28-700x402.png 700w, https://miriamsmidt.com/wp-content/uploads/2021/05/Bildschirmfoto-2021-05-29-um-22.29.28-300x172.png 300w, https://miriamsmidt.com/wp-content/uploads/2021/05/Bildschirmfoto-2021-05-29-um-22.29.28-768x441.png 768w, https://miriamsmidt.com/wp-content/uploads/2021/05/Bildschirmfoto-2021-05-29-um-22.29.28.png 1198w" sizes="(max-width: 545px) 100vw, 545px" /></figure>



<p></p>



<p>Artrado.de: <a href="https://arttrado.de/news/interview-miriam-smidt-ueber-kritik-feedback-und-englische-titel/">https://arttrado.de/news/interview-miriam-smidt-ueber-kritik-feedback-und-englische-titel/</a></p>



<p>Weddingweiser: <a href="https://weddingweiser.de/aggregatzustaende-pop-art-ausstellung-in-der-st-johannis-und-heiland-friedhofskapelle/">https://weddingweiser.de/aggregatzustaende-pop-art-ausstellung-in-der-st-johannis-und-heiland-friedhofskapelle/</a> </p>



<p>Katalogtext  ©Urszula Usakowska-Wolff<a href="http://miriamsmidt.com/?attachment_id=1474" target="_blank" rel="noreferrer noopener">http://miriamsmidt.com/?attachment_id=1474</a></p>

<p>Miriam Smidt ist als multidisziplinäre Künstlerin in den Bereichen Malerei, Objekt, Rauminstallation und neue Medien tätig. Ihre experimentellen Ansätze nutzen teilweise selbst entwickelte physische Werkstoffe aber auch digitale Technologien wie Augmented Reality und Künstliche Intelligenz. Smidts Werk reflektiert grundlegende Fragen zu Leben und Tod, Vergänglichkeit und Veränderung, sowie ihrer Verschränkungen mit dem medizinischen Feld. Im &hellip; </p>
<p class="link-more"><a href="https://miriamsmidt.com/?page_id=1200" class="more-link"><span class="screen-reader-text">„ABOUT“</span> weiterlesen</a></p>
